f**4/12 + 4*f**3/3 - 35*f**2. Determine l(6).
20
Let z(y) = 2*y**2 + y + 1. Suppose -3*b + 0*b + 10 = -2*f, 0 = b + f. Suppose -4*i + b*v - 1 = -v, i + v = -2. What is z(i)?
2
Suppose 0 = -4*o + 13 + 11. Let k(u) = 2*u - 23. Let m(r) = r - 11. Let f(z) = 3*k(z) - 7*m(z). Calculate f(o).
2
Let d be 3/(-1*9/12). Let q(u) = -3*u - 2. What is q(d)?
10
Let v(l) = 4*l + 3*l**2 - 2 - 2*l**2 + 1. Let x = -4 + 17. Let f = x - 18. Determine v(f).
4
Let o(x) = 6 + x - 6 + 4. Let y be o(-4). Let n(h) = 2*h**3. Let f(m) = m**3. Let k(s) = -11*f(s) + 6*n(s). What is k(y)?
0
Let l(o) = -2*o**2 + 11*o - 14. Let d(k) = 3*k**2 - 16*k + 21. Let q(p) = -5*d(p) - 8*l(p). Determine q(8).
7
Let q(k) = -5*k. Let s(b) = b - 2. Let x be s(3). Let i(y) = -y**2 + 7*y + 10. Let j be i(8). Let c = x - j. Give q(c).
5
Let y(u) be the third derivative of -u**5/60 + u**4/6 - u**3/2 + 3*u**2. Let n be 6*-3*4/(-18). Suppose 5*x + r - 24 + 5 = 0, 4*x + n*r = 28. Give y(x).
0
Let w(j) be the first derivative of -1/120*j**5 + 0*j**2 + 1/3*j**3 + 0*j + 1/24*j**4 + 3. Let t(z) be the third derivative of w(z). Give t(1).
0
Let a(z) be the second derivative of z**3/6 + 3*z**2 + 2*z. Let v be a(-7). Let n(s) = 11*s**3 + 2*s**2 - 1. Calculate n(v).
-10
Let b = 0 + 6. Let s(l) = -6 + 2 - l**3 - 11*l**2 + b*l**2 - 3. What is s(-5)?
-7
Let g(h) = h**3 - 2*h**2 + h. Let j = 249 - 166. Suppose j = -o - 3*o - 5*s, -61 = 3*o + 5*s. Let n be 4/26 + o/(-26). What is g(n)?
0
Let p(z) = -3*z**3 + 29*z**2 + 23*z + 15. Let t(g) = g**3 - 10*g**2 - 8*g - 5. Let c(k) = 6*p(k) + 17*t(k). Give c(5).
-10
Let g(z) = -z + 4. Let f be g(-3). Let o(m) = -5*m**2 + 14*m - 4. Let u(r) = 14*r**2 - 40*r + 11. Let a(c) = 11*o(c) + 4*u(c). Determine a(f).
7
Suppose -2 + 6 = 2*v. Let c = v + 1. Let f(o) = o**2 - 3*o + 3. Calculate f(c).
3
Let x be 5/2*(-12 + 10). Let h(q) = -q - 5. Give h(x).
0
Suppose 10 = 3*k - 2. Let z(m) = -k*m + 3*m + 0 + 1. Let r(y) = -2*y - 6. Let i be r(-5). Calculate z(i).
-3
Let b(l) = -l - 3. Suppose 2*t + 2*t = 8. Suppose t*x + f = 14, -x - 4*f + 32 - 11 = 0. What is b(x)?
-8
Let p(j) = -j**3 + 7*j**2 - 8*j + 8. Let o(g) = -g**3 - 4*g**2 + 6*g + 5. Let y be o(-5). Suppose y = -2*s + 4 + 8. Give p(s).
-4
Let m(r) = r**3 + 4*r**2 - 3*r + 5. Suppose 0*z = 2*z - d + 3, 2*z + 2*d = -18. Calculate m(z).
17
Let r(i) = -4*i. Let k(l) = l**3 - 7*l**2 - 8*l + 5. Let o be k(8). Suppose h - 9 = o*n + 8, -4*n + 4*h - 4 = 0. Let x = n + 3. Give r(x).
4
Let b(a) = -a**3 - 6*a**2 - 3*a - 5. Let o = 2 + -8. Give b(o).
13
Suppose 0 = -6*p + 2*p + 20. Let g = p + -3. Let c(x) = -3*x**2 + 2 + 2*x + 0*x**g + x**3 - x. Give c(3).
5
Let j(m) = -6*m - 17. Let u(c) = -c. Let a(n) = j(n) - 5*u(n). Let o be a(-13). Let h(p) = -3*p - 3. Calculate h(o).
9
Suppose -4*j + 3*t + 4 = -4, 3*j + 7 = -t. Let h(c) be the third derivative of c**6/20 - c**5/30 - c**4/24 + 271*c**2. Determine h(j).
-7
Let d(x) be the third derivative of x**6/120 - x**5/60 + x**4/12 - x**3/3 - 5*x**2. Give d(2).
6
Let c(v) = 2*v. Let k be (-3 - 1*-6)*1. Calculate c(k).
6
Suppose 5*p - 5*o + 0*o = -35, -4 = 2*p + 3*o. Let n(q) = -q - 1. Let j(m) = -2*m - 2. Let z(y) = -6*j(y) + 11*n(y). Let v be z(p). Let f(x) = x + 2. Give f(v).
-2
Let z = 4 + -1. Suppose 3*b + 2 = -n, -5*b + z*n = -4*b + 14. Let a(s) = s + 1. What is a(b)?
-1
Let x(g) be the first derivative of -17*g**3/3 + g**2 - g + 39. What is x(1)?
-16
Let s(m) = m**3 - 4*m**2 + 2*m - 2. Suppose 11 + 9 = 5*w. Suppose -i - 3 = w*j + 2*i, 10 = -2*i. Give s(j).
-5
Let x(s) = -3*s**2 + 4*s - 1. Suppose -6*i - 3*i + 27 = 0. Calculate x(i).
-16
Let m(o) = -11*o**2 + 1. Let q(i) = -2*i + 3. Let h(d) = 1. Let t(b) = 4*h(b) + q(b). Let n be t(3). What is m(n)?
-10
Let r = 4 + -1. Let v(c) = -2 + 3 - 4 + r*c + c**2. Give v(-5).
7
Let d(m) = -2*m**3 - 1 + m**3 + 13*m**2 - 3. Let q be d(13). Let b(t) = -t**2 - 4*t + 4. Determine b(q).
4
Let a(l) be the third derivative of -l**4/12 - 11*l**3/6 + 18*l**2. Calculate a(-8).
5
Let z(m) = -6*m**3 - 2*m**2 + 1. Let l = 4 - 2. Suppose 37 = h + 38. Let p be 3 - (3 - (h + l)). Determine z(p).
-7
Let v(y) = 2*y**2 - y. Let d be v(1). Let j(x) = 7*x**2 - 1. Calculate j(d).
6
Let l(p) = -p**2 + 3*p - 2. Let f(j) = -9*j + 10. Let i(x) = -5*x + 5. Let n(t) = -3*f(t) + 5*i(t). Let y be n(4). Determine l(y).
-2
Suppose b + 7 = 3*l, 3 = 8*b - 3*b + 4*l. Let w(d) = -9*d**3 + 2*d**2 + d. What is w(b)?
10
Let c = 97 + -58. Let r(f) = 1 - 3*f - f + 2*f + f. Let y(l) = 6*l - 6. Let g(x) = c*r(x) + 6*y(x). What is g(2)?
-3
Let j(u) be the second derivative of -4*u + 1/20*u**5 + 1/2*u**3 + 0 - 1/4*u**4 - u**2. Suppose -2*x + 20 = -3*o - 1, -3*x - 3*o = 6. What is j(x)?
7
Let i(v) be the third derivative of v**5/60 - v**4/6 - 5*v**3/6 - 7*v**2. What is i(6)?
7
Let u(k) be the third derivative of k**4/12 + 2*k**3/3 + 2*k**2. Let r = -3 + 7. Suppose h - w + 2*w - 1 = 0, -40 = 5*h - r*w. Calculate u(h).
-4
Suppose 10*c = 6*c - 4. Let p(r) = -4 + 0 + 3*r**2 + 3. Give p(c).
2
Let z(m) be the second derivative of -m**4/6 + 7*m**3/6 - m**2 - 2*m. What is z(5)?
-17
Let j(v) = v**3 + v - 1. Suppose 5*p = 4*i + 1, -3*p + 2*p - 2 = -3*i. Give j(i).
1
Let v(z) = 3*z**3 - 5*z**2 - z + 6. Let k(p) = p**3 - p**2. Let q(f) = -4*k(f) + v(f). Calculate q(0).
6
Let k(l) = -l**3 - 5*l**2 - 5*l + 1. Let q(o) = -4*o**2 + o + 1. Suppose -3*h + 3*z = -z + 3, 0 = -4*h - 3*z - 4. Let m be q(h). Calculate k(m).
5
Let i = -79 + 84. Let r(x) = x**2 - 7*x - 1. What is r(i)?
-11
Let m(i) = -2*i - 7. Let k = -173 - -166. Give m(k).
7
Let o(t) = -t - 5. Let i = 16 + -23. What is o(i)?
2
Let g(h) = -3 + 6*h + 13*h - 20*h + h**2. Give g(0).
-3
Let b(a) = -3*a + 3*a + a + 2. Determine b(-7).
-5
Let f(c) = c + 2. Let q(t) = -2*t - 4. Let p(o) = -5*f(o) - 2*q(o). Calculate p(-3).
1
Let u(p) = p - 4. Suppose -2*o - 15 = 3*o. What is u(o)?
-7
Let f(k) = k**3 - 13*k**2 - 14*k + 9. Let a be f(14). Let s(v) = 5*v + 6 + a*v - 5*v - 5. What is s(-2)?
-17
Let f = -67 + 72. Let x(q) be the third derivative of q**4/8 - 5*q**3/6 - q**2. Determine x(f).
10
Suppose -2*v - 2 + 14 = 0. Let b(f) = -4*f + 4*f + 2*f - f - v*f**2. What is b(-1)?
-7
Let l = -101 - -96. Let t(a) = -a - 6. Give t(l).
-1
Let s(w) = 10 + 7 + 5*w + 10*w**2 - 21. Let t(d) = 2*d + 11*d**2 - 5 + 7*d - 3*d. Let v(h) = -5*s(h) + 4*t(h). What is v(1)?
-7
Suppose -2*x + 8 - 4 = 0. Let g(f) = 1. Suppose h = 4*m - 3*h, -5*m - 2*h + 28 = 0. Let n(v) = -2*v**2 - v - 3. Let b(p) = m*g(p) + n(p). Give b(x).
-9
Suppose 3*t + 20 = -2*t. Let u(m) = -m**2 - 3*m + 5. Let l be u(t). Suppose 0 = 2*o - o - l. Let a(z) = 3*z**2 + 2*z - 1. Calculate a(o).
4
Let h(q) = -5*q**2 + 5 + 0*q**2 - 2*q**2 - 4. Determine h(-1).
-6
Let v(o) = -o - 9. Suppose 24 = -6*d + 2*d. What is v(d)?
-3
Let v(r) = -1 - 3*r**2 - 2 + 2. Let f be v(1). Let d(a) = a**3 - a**2 + 3*a + 5. Let u(n) = n**3 + 3*n + 4. Let k(y) = 5*d(y) - 6*u(y). Calculate k(f).
-3
Let s(g) = 2*g**2 - 2*g - 2. Let c be 7/3 - 2/6. Calculate s(c).
2
Let f(p) = 9 + 15*p**2 - 16*p**2 - 10. What is f(1)?
-2
Let v = -8 + 8. Let c(r) = -5*r + 11 + 6*r + 0*r. Determine c(v).
11
Let b(z) = 0 + 0 + 5*z + 1. Let t be (16/(-12))/(7/(63/(-12))). What is b(t)?
6
Let o(c) = 5*c**2 + 8*c + 5. Let k(p) be the first derivative of p**2/2 + p - 3. Let m(l) = 5*k(l) - o(l). What is m(-2)?
-14
Let k(v) = -2*v**3 + 0*v + 0 + 3*v**3 - 2 + 4*v**2 - v. Let b(o) = o - 4. Let i be b(0). Give k(i).
2
Let h(t) = -2*t - 1. Let j = 10 + -11. Let f be (3 - j) + -6 + 3. Determine h(f).
-3
Suppose m + 2 = 2*m. Let u(n) = m*n + 2 - n**2 + 5*n - n. Let y = 78 + -73. Determine u(y).
7
Suppose -2*w + 19 = -0*b + 3*b, 0 = 3*w - 5*b + 19. Let c(v) = -6*v**2 - 2*v + 3. What is c(w)?
-25
Let q(a) = a + 5*a + 2 - 3*a - 4*a. Let t(f) = -f**2 - 6*f - 3. Let n be t(-5). Let i be n/2*3/1. Determine q(i).
-1
Let b(w) be the third derivative of w**4/24 - w**3/2 + 2*w**2. Give b(3).
0
Let o(i) = 0*i + 9*i**2 - i - i - 1. Let m = 7 + -4. Suppose -2*b - 7 = 5*k, -m*k - 1 = -0*k - 2*b. Calculate o(k).
10
Let p(z) = -3*z**3 - 35*z + 3*z**2 + 3 + 36*z + 2*z**3. What is p(4)?
-9
Let q(u) = 2*u - 7. Let b(j) = -3*j + 8. Let z(r) = 3*b(r) + 4*q(r). Determine z(-3).
-1
Let j be (-4 + 1 - -4)*3. Let p be (-2)/6 - 8/j. Let o(n) = 3*n - 2*n - 4 + 5 + 6. What is o(p)?
4
Let d = -11 - 